{"id":129,"date":"2023-02-07T18:21:16","date_gmt":"2023-02-07T17:21:16","guid":{"rendered":"https:\/\/consstoccarda.esteri.it\/servizi-consolari-e-visti\/servizi-per-il-cittadino-straniero\/"},"modified":"2023-06-06T16:22:48","modified_gmt":"2023-06-06T14:22:48","slug":"servizi-per-il-cittadino-straniero","status":"publish","type":"page","link":"https:\/\/consstoccarda.esteri.it\/de\/servizi-consolari-e-visti\/servizi-per-il-cittadino-straniero\/","title":{"rendered":"Dienstleistungen f\u00fcr den ausl\u00e4ndischen B\u00fcrger"},"content":{"rendered":"<div class=\"col-lg-8\">\n<article id=\"post-33\" class=\"post-33 page type-page status-publish hentry\">\n<div class=\"entry-content\">\n<p>Il 26 ottobre del 1997 l\u2019Italia, a conclusione di un graduale processo di adattamento alla politica comune dei visti prevista dalla Convenzione di Applicazione dell\u2019Accordo di Schengen, ha fatto il suo ingresso nel sistema Schengen.<br \/>\nAl rafforzamento della comune frontiera esterna, dunque, \u00e8 seguita la parallela e graduale soppressione dei controlli alle frontiere interne, e quindi l\u2019affermazione della piena libert\u00e0 di circolazione nell\u2019insieme dei territori di tutti gli Stati firmatari degli Accordi di Schengen: la realizzazione del cos\u00ec detto Spazio Schengen.<\/p>\n<p>In Germania, il\u00a0<a href=\"http:\/\/www.consfrancoforte.esteri.it\/Consolato_Francoforte\"><strong>Consolato Generale d&#8217;Italia in Francoforte<\/strong><\/a>\u00a0\u00e8 competente per<br \/>\nl&#8217;accettazione di domande di visti per l&#8217;Italia provenienti da tutta la Germania.<\/p>\n<p>Informazioni MAECI:<strong><a href=\"https:\/\/www.esteri.it\/it\/servizi-consolari-e-visti\/ingressosoggiornoinitalia\/\">http:\/\/www.esteri.it\/mae\/it\/servizi\/stranieri\/ingressosoggiornoinitalia\/visto_ingresso<\/a><\/strong><\/p>\n<p><strong>Consolato Generale d&#8217;Italia<\/strong><br \/>\n<strong>\u00a0\u00a0\u00a0 60325 Frankfurt\/Main<\/strong><br \/>\nKettenhofweg 1<br \/>\n<a href=\"mailto:visti.francoforte@esteri.it\"><strong>visti.francoforte@esteri.it<\/strong><\/a><\/p>\n<p><a href=\"http:\/\/www.consfrancoforte.esteri.it\/consolato_francoforte\/it\/i_servizi\/per_chi_si_reca_in_italia\/\"><strong>INFO VISTI del\u00a0Consolato Generale di Francoforte sul Meno<\/strong><\/a><\/p>\n<\/div>\n<\/article>\n<\/div>\n","protected":false},"excerpt":{"rendered":"Il 26 ottobre del 1997 l\u2019Italia, a conclusione di un graduale processo di adattamento alla politica comune dei visti prevista dalla Convenzione di Applicazione dell\u2019Accordo di Schengen, ha fatto il suo ingresso nel sistema Schengen. Al rafforzamento della comune frontiera esterna, dunque, \u00e8 seguita la parallela e graduale soppressione dei controlli alle frontiere interne, e [&hellip;]","protected":false},"author":3,"featured_media":0,"parent":32,"menu_order":2,"comment_status":"closed","ping_status":"closed","template":"","meta":{"footnotes":""},"class_list":["post-129","page","type-page","status-publish","hentry"],"_links":{"self":[{"href":"https:\/\/consstoccarda.esteri.it\/de\/wp-json\/wp\/v2\/pages\/129","targetHints":{"allow":["GET"]}}],"collection":[{"href":"https:\/\/consstoccarda.esteri.it\/de\/wp-json\/wp\/v2\/pages"}],"about":[{"href":"https:\/\/consstoccarda.esteri.it\/de\/wp-json\/wp\/v2\/types\/page"}],"author":[{"embeddable":true,"href":"https:\/\/consstoccarda.esteri.it\/de\/wp-json\/wp\/v2\/users\/3"}],"replies":[{"embeddable":true,"href":"https:\/\/consstoccarda.esteri.it\/de\/wp-json\/wp\/v2\/comments?post=129"}],"version-history":[{"count":0,"href":"https:\/\/consstoccarda.esteri.it\/de\/wp-json\/wp\/v2\/pages\/129\/revisions"}],"up":[{"embeddable":true,"href":"https:\/\/consstoccarda.esteri.it\/de\/wp-json\/wp\/v2\/pages\/32"}],"wp:attachment":[{"href":"https:\/\/consstoccarda.esteri.it\/de\/wp-json\/wp\/v2\/media?parent=129"}],"curies":[{"name":"wp","href":"https:\/\/api.w.org\/{rel}","templated":true}]}}

Dienstleistungen für den ausländischen Bürger

<div class="col-lg-8">
<article id="post-33" class="post-33 page type-page status-publish hentry">
<div class="entry-content">
<p>Il 26 ottobre del 1997 l’Italia, a conclusione di un graduale processo di adattamento alla politica comune dei visti prevista dalla Convenzione di Applicazione dell’Accordo di Schengen, ha fatto il suo ingresso nel sistema Schengen.<br />
Al rafforzamento della comune frontiera esterna, dunque, è seguita la parallela e graduale soppressione dei controlli alle frontiere interne, e quindi l’affermazione della piena libertà di circolazione nell’insieme dei territori di tutti gli Stati firmatari degli Accordi di Schengen: la realizzazione del così detto Spazio Schengen.</p>
<p>In Germania, il <a href="http://www.consfrancoforte.esteri.it/Consolato_Francoforte"><strong>Consolato Generale d&#8217;Italia in Francoforte</strong></a> è competente per<br />
l&#8217;accettazione di domande di visti per l&#8217;Italia provenienti da tutta la Germania.</p>
<p>Informazioni MAECI:<strong><a href="https://www.esteri.it/it/servizi-consolari-e-visti/ingressosoggiornoinitalia/">http://www.esteri.it/mae/it/servizi/stranieri/ingressosoggiornoinitalia/visto_ingresso</a></strong></p>
<p><strong>Consolato Generale d&#8217;Italia</strong><br />
<strong>    60325 Frankfurt/Main</strong><br />
Kettenhofweg 1<br />
<a href="mailto:visti.francoforte@esteri.it"><strong>visti.francoforte@esteri.it</strong></a></p>
<p><a href="http://www.consfrancoforte.esteri.it/consolato_francoforte/it/i_servizi/per_chi_si_reca_in_italia/"><strong>INFO VISTI del Consolato Generale di Francoforte sul Meno</strong></a></p>
</div>
</article>
</div>

Il 26 ottobre del 1997 l’Italia, a conclusione di un graduale processo di adattamento alla politica comune dei visti prevista dalla Convenzione di Applicazione dell’Accordo di Schengen, ha fatto il suo ingresso nel sistema Schengen. Al rafforzamento della comune frontiera esterna, dunque, è seguita la parallela e graduale soppressione dei controlli alle frontiere interne, e [&hellip;]
