{"id":446,"date":"2023-05-12T13:20:27","date_gmt":"2023-05-12T11:20:27","guid":{"rendered":"https:\/\/consstoccarda.esteri.it\/?page_id=446"},"modified":"2026-04-29T11:37:45","modified_gmt":"2026-04-29T09:37:45","slug":"orario-di-apertura-e-festivita-osservate-da-questo-consolato-generale","status":"publish","type":"page","link":"https:\/\/consstoccarda.esteri.it\/it\/chi-siamo\/la-sede\/orario-di-apertura-e-festivita-osservate-da-questo-consolato-generale\/","title":{"rendered":"Orario di apertura e festivit\u00e0 osservate da questo Consolato Generale"},"content":{"rendered":"<p><strong>IL CONSOLATO GENERALE RICEVE <span style=\"text-decoration: underline;\">UNICAMENTE<\/span> SU APPUNTAMENTO NEI SEGUENTI ORARI:<\/strong><\/p>\n<p>Luned\u00ec dalle ore 09.00 alle ore 12.30<\/p>\n<p>Marted\u00ec dalle ore 09.00 alle ore 12.30<\/p>\n<p>Mercoled\u00ec dalle ore 09.00 alle ore 12.30<\/p>\n<p>Gioved\u00ec dalle ore 09.00 alle ore 12.30 e dalle ore 14.00 alle ore 17.00<\/p>\n<p>Venerd\u00ec dalle ore 09.00 alle ore 12.30<\/p>\n<p><strong>FESTIVITA\u2019 2026 osservate dal Consolato Generale:<\/strong><\/p>\n<ul>\n<li>01 GENNAIO gioved\u00ec (Capodanno)<\/li>\n<li>3 APRILE venerd\u00ec (Venerd\u00ec Santo)<\/li>\n<li>6 APRILE luned\u00ec (Luned\u00ec dell\u2019Angelo)<\/li>\n<li>25 APRILE sabato (Festa della Liberazione)<\/li>\n<li>01 MAGGIO venerd\u00ec (Festa del Lavoro)<\/li>\n<li>25 MAGGIO luned\u00ec (Luned\u00ec di Pentecoste)<\/li>\n<li>02 GIUGNO marted\u00ec (Festa della Repubblica)<\/li>\n<li>03 OTTOBRE sabato (Festa dell\u2019Unit\u00e0 tedesca) *<\/li>\n<li>01 NOVEMBRE domenica (Ognissanti)<\/li>\n<li>25 DICEMBRE venerd\u00ec (Natale)<\/li>\n<li>26 DICEMBRE sabato (Santo Stefano)<\/li>\n<\/ul>\n<p>*festivit\u00e0 tedesche<\/p>\n","protected":false},"excerpt":{"rendered":"IL CONSOLATO GENERALE RICEVE UNICAMENTE SU APPUNTAMENTO NEI SEGUENTI ORARI: Luned\u00ec dalle ore 09.00 alle ore 12.30 Marted\u00ec dalle ore 09.00 alle ore 12.30 Mercoled\u00ec dalle ore 09.00 alle ore 12.30 Gioved\u00ec dalle ore 09.00 alle ore 12.30 e dalle ore 14.00 alle ore 17.00 Venerd\u00ec dalle ore 09.00 alle ore 12.30 FESTIVITA\u2019 2026 osservate [&hellip;]","protected":false},"author":4,"featured_media":0,"parent":77,"menu_order":0,"comment_status":"closed","ping_status":"closed","template":"","meta":{"footnotes":""},"class_list":["post-446","page","type-page","status-publish","hentry"],"_links":{"self":[{"href":"https:\/\/consstoccarda.esteri.it\/it\/wp-json\/wp\/v2\/pages\/446","targetHints":{"allow":["GET"]}}],"collection":[{"href":"https:\/\/consstoccarda.esteri.it\/it\/wp-json\/wp\/v2\/pages"}],"about":[{"href":"https:\/\/consstoccarda.esteri.it\/it\/wp-json\/wp\/v2\/types\/page"}],"author":[{"embeddable":true,"href":"https:\/\/consstoccarda.esteri.it\/it\/wp-json\/wp\/v2\/users\/4"}],"replies":[{"embeddable":true,"href":"https:\/\/consstoccarda.esteri.it\/it\/wp-json\/wp\/v2\/comments?post=446"}],"version-history":[{"count":11,"href":"https:\/\/consstoccarda.esteri.it\/it\/wp-json\/wp\/v2\/pages\/446\/revisions"}],"predecessor-version":[{"id":7924,"href":"https:\/\/consstoccarda.esteri.it\/it\/wp-json\/wp\/v2\/pages\/446\/revisions\/7924"}],"up":[{"embeddable":true,"href":"https:\/\/consstoccarda.esteri.it\/it\/wp-json\/wp\/v2\/pages\/77"}],"wp:attachment":[{"href":"https:\/\/consstoccarda.esteri.it\/it\/wp-json\/wp\/v2\/media?parent=446"}],"curies":[{"name":"wp","href":"https:\/\/api.w.org\/{rel}","templated":true}]}}

Orario di apertura e festività osservate da questo Consolato Generale

<p><strong>IL CONSOLATO GENERALE RICEVE <span style="text-decoration: underline;">UNICAMENTE</span> SU APPUNTAMENTO NEI SEGUENTI ORARI:</strong></p>
<p>Lunedì dalle ore 09.00 alle ore 12.30</p>
<p>Martedì dalle ore 09.00 alle ore 12.30</p>
<p>Mercoledì dalle ore 09.00 alle ore 12.30</p>
<p>Giovedì dalle ore 09.00 alle ore 12.30 e dalle ore 14.00 alle ore 17.00</p>
<p>Venerdì dalle ore 09.00 alle ore 12.30</p>
<p><strong>FESTIVITA’ 2026 osservate dal Consolato Generale:</strong></p>
<ul>
<li>01 GENNAIO giovedì (Capodanno)</li>
<li>3 APRILE venerdì (Venerdì Santo)</li>
<li>6 APRILE lunedì (Lunedì dell’Angelo)</li>
<li>25 APRILE sabato (Festa della Liberazione)</li>
<li>01 MAGGIO venerdì (Festa del Lavoro)</li>
<li>25 MAGGIO lunedì (Lunedì di Pentecoste)</li>
<li>02 GIUGNO martedì (Festa della Repubblica)</li>
<li>03 OTTOBRE sabato (Festa dell’Unità tedesca) *</li>
<li>01 NOVEMBRE domenica (Ognissanti)</li>
<li>25 DICEMBRE venerdì (Natale)</li>
<li>26 DICEMBRE sabato (Santo Stefano)</li>
</ul>
<p>*festività tedesche</p>

IL CONSOLATO GENERALE RICEVE UNICAMENTE SU APPUNTAMENTO NEI SEGUENTI ORARI: Lunedì dalle ore 09.00 alle ore 12.30 Martedì dalle ore 09.00 alle ore 12.30 Mercoledì dalle ore 09.00 alle ore 12.30 Giovedì dalle ore 09.00 alle ore 12.30 e dalle ore 14.00 alle ore 17.00 Venerdì dalle ore 09.00 alle ore 12.30 FESTIVITA’ 2026 osservate [&hellip;]
